What are the prime factors of 4331274106?
2, 73, 521, 56941
What are the prime factors of 146041605?
3, 5, 23, 149, 947
What are the prime factors of 171871244?
2, 42967811
List the prime factors of 115272521.
7, 13, 1266731
What are the prime factors of 259898474?
2, 11, 11813567
What are the prime factors of 3760341?
3, 13, 96419
List the prime factors of 453169800.
2, 3, 5, 251761
What are the prime factors of 121535996?
2, 31, 53, 18493
List the prime factors of 1789143576.
2, 3, 11, 107, 63337
What are the prime factors of 4973988248?
2, 17, 919, 2341
List the prime factors of 168936479.
168936479
What are the prime factors of 6710351465?
5, 53, 181, 139901
List the prime factors of 769312176.
2, 3, 16027337
What are the prime factors of 200442111?
3, 66814037
What are the prime factors of 8328431?
251, 33181
List the prime factors of 1836659269.
89, 20636621
List the prime factors of 15651977.
11, 1422907
What are the prime factors of 1676103922?
2, 37, 563, 40231
List the prime factors of 1299840129.
3, 7, 233, 9839
What are the prime factors of 2189199075?
3, 5, 7, 31, 134513
What are the prime factors of 35482996?
2, 8870749
What are the prime factors of 24476103?
3, 2719567
What are the prime factors of 3045212017?
59, 151, 341813
List the prime factors of 166973166.
2, 3, 9276287
What are the prime factors of 161225074?
2, 61, 1321517
What are the prime factors of 425137162?
2, 31, 6857051
List the prime factors of 584620286.
2, 292310143
What are the prime factors of 5059748?
2, 197, 6421
What are the prime factors of 1023119170?
2, 5, 131, 781007
What are the prime factors of 3787402532?
2, 67, 1489, 9491
List the prime factors of 83817210.
2, 3, 5, 37, 75511
What are the prime factors of 10295565?
3, 5, 7, 31, 3163
List the prime factors of 27006622.
2, 13503311
List the prime factors of 30177576.
2, 3, 11, 13, 977
What are the prime factors of 35140113?
3, 23, 53, 3203
What are the prime factors of 229009272?
2, 3, 41, 211, 1103
What are the prime factors of 505731825?
3, 5, 2247697
What are the prime factors of 450125531?
7121, 63211
List the prime factors of 93139171.
93139171
What are the prime factors of 263817709?
263817709
What are the prime factors of 134156615?
5, 79, 339637
List the prime factors of 39508086.
2, 3, 6584681
What are the prime factors of 568440659?
568440659
List the prime factors of 227185148.
2, 1543, 36809
What are the prime factors of 80074816?
2, 19, 65851
List the prime factors of 54563180.
2, 5, 7, 113, 3449
What are the prime factors of 12243037?
173, 70769
What are the prime factors of 34861555?
5, 6972311
List the prime factors of 8277913399.
7, 47, 193, 130367
List the prime factors of 52203956.
2, 7, 1864427
List the prime factors of 78136547.
43, 61, 29789
What are the prime factors of 1375140260?
2, 5, 13, 181, 29221
What are the prime factors of 338582817?
3, 43, 874891
List the prime factors of 878516260.
2, 5, 2803, 15671
List the prime factors of 81277299.
3, 9030811
List the prime factors of 158301434.
2, 79150717
What are the prime factors of 1796249342?
2, 17, 103, 512921
List the prime factors of 1368183498.
2, 3, 11, 20730053
What are the prime factors of 1895133732?
2, 3, 109, 1448879
List the prime factors of 11295027.
3, 37, 107, 317
List the prime factors of 50343410.
2, 5, 13, 29789
What are the prime factors of 147125231?
11, 43, 28277
List the prime factors of 788486661.
3, 87609629
What are the prime factors of 567406809?
3, 21015067
List the prime factors of 16368591.
3, 5456197
List the prime factors of 261976942.
2, 2459, 53269
What are the prime factors of 897737696?
2, 28054303
What are the prime factors of 125180514?
2, 3, 2467, 2819
What are the prime factors of 87340116?
2, 3, 7278343
What are the prime factors of 207284428?
2, 13, 109, 36571
What are the prime factors of 27520069?
1163, 23663
List the prime factors of 522904635.
3, 5, 11, 1056373
What are the prime factors of 26249436?
2, 3, 31, 43, 547
What are the prime factors of 1657097165?
5, 233, 983, 1447
What are the prime factors of 4268497?
389, 10973
List the prime factors of 3325101395.
5, 7, 11, 8636627
List the prime factors of 83250285.
3, 5, 5550019
What are the prime factors of 17039849?
23, 29, 59, 433
What are the prime factors of 1989888712?
2, 7, 37, 673, 1427
What are the prime factors of 1472559380?
2, 5, 17, 4331057
What are the prime factors of 211234060?
2, 5, 43, 245621
What are the prime factors of 1497410505?
3, 5, 29, 1147441
List the prime factors of 225389550.
2, 3, 5, 191, 7867
What are the prime factors of 32942394?
2, 3, 23, 47, 1693
List the prime factors of 685079736.
2, 3, 11, 17, 13877
List the prime factors of 142035702.
2, 3, 131, 157, 1151
What are the prime factors of 8884254?
2, 3, 1480709
What are the prime factors of 864694440?
2, 3, 5, 37, 7213
What are the prime factors of 142307580?
2, 3, 5, 431, 5503
List the prime factors of 301640871.
3, 7, 14363851
List the prime factors of 232457723.
19, 47, 163, 1597
What are the prime factors of 1391813080?
2, 5, 7, 19, 261619
List the prime factors of 209813.
209813
What are the prime factors of 351354173?
137, 293, 8753
List the prime factors of 90590131.
90590131
List the prime factors of 664286186.
2, 17, 379, 51551
List the prime factors of 75741219.
3, 8415691
What are the prime factors of 811829673?
3, 53, 563, 3023
What are the prime factors of 55518492?
2, 3, 181, 25561
List the prime factors of 605193886.
2, 11, 4621, 5953
What are the prime factors of 127176262?
2, 1663, 38237
What are the prime factors of 39941184?
2, 3, 277, 751
List the prime factors of 500319668.
2, 125079917
What are the prime factors of 785889888?
2, 3, 7, 101, 11579
What are the prime factors of 1434559871?
1434559871
What are the prime factors of 754450522?
2, 7, 53889323
What are the prime factors of 152851230?
2, 3, 5, 7, 242621
What are the prime factors of 4028002433?
7, 13, 2161, 20483
List the prime factors of 4916366156.
2, 13, 443, 16417
List the prime factors of 101439593.
29, 97, 36061
What are the prime factors of 239184857?
41, 5833777
What are the prime factors of 115604206?
2, 37, 1562219
List the prime factors of 155543541.
3, 51847847
What are the prime factors of 5946362488?
2, 11, 67572301
List the prime factors of 25651386.
2, 3, 1425077
List the prime factors of 990209087.
7, 23, 907, 6781
What are the prime factors of 3677740978?
2, 263, 6991903
What are the prime factors of 237283659?
3, 3547, 7433
What are the prime factors of 979341682?
2, 11, 97, 107, 4289
What are the prime factors of 2187659589?
3, 307, 2375309
List the prime factors of 1377653937.
3, 11, 5501, 7589
List the prime factors of 1006421449.
11, 91492859
What are the prime factors of 2670442110?
2, 3, 5, 7, 17, 249341
What are the prime factors of 66807288?
2, 3, 309293
List the prime factors of 5211124.
2, 229, 5689
List the prime factors of 3063007972.
2, 3767, 203279
What are the prime factors of 3066079872?
2, 3, 7984583
List the prime factors of 569844406.
2, 284922203
List the prime factors of 6981416811.
3, 157, 239, 2297
List the prime factors of 2447837556.
2, 3, 11467, 17789
List the prime factors of 3088408.
2, 386051
What are the prime factors of 64550479?
7, 17, 542441
List the prime factors of 15006865.
5, 19, 47, 3361
What are the prime factors of 275296245?
3, 5, 7, 1171, 2239
What are the prime factors of 17299692?
2, 3, 661, 727
List the prime factors of 337683807.
3, 197, 283, 673
What are the prime factors of 197356486?
2, 98678243
List the prime factors of 55080724.
2, 1613, 8537
List the prime factors of 1719037701.
3, 1013, 62851
What are the prime factors of 103286309?
7, 293, 50359
What are the prime factors of 78593649?
3, 31, 691, 1223
List the prime factors of 528596349.
3, 71, 229, 10837
What are the prime factors of 861489944?
2, 7, 19, 37, 79, 277
What are the prime factors of 149595840?
2, 3, 5, 127, 409
List the prime factors of 5966639.
7, 599, 1423
List the prime factors of 880628055.
3, 5, 19, 3089923
List the prime factors of 690827399.
690827399
List the prime factors of 1413880245.
3, 5, 97, 107971
What are the prime factors of 1086771090?
2, 3, 5, 36225703
List the prime factors of 31460654.
2, 67, 234781
What